{"id":6441,"date":"2021-04-15T14:44:57","date_gmt":"2021-04-15T14:44:57","guid":{"rendered":"http:\/\/amina.web14.vefold.is\/?post_type=product&#038;p=6441"},"modified":"2021-06-07T01:08:34","modified_gmt":"2021-06-07T01:08:34","slug":"calexotics-packer-gear-dark","status":"publish","type":"product","link":"https:\/\/amina.is\/en\/verslun\/kynvitund\/calexotics-packer-gear-dark\/","title":{"rendered":"CalExotics &#8211; Packer Gear Dark"},"content":{"rendered":"<div class=\"product-single__description rte\">\n<h5>S\u00edlikon &#8222;Packer&#8220; \u00ed d\u00f6kkum h\u00fa\u00f0t\u00f3n. Raunverulegur \u00ed vi\u00f0komu og passar vi\u00f0 flestar ger\u00f0ir &#8222;Packer&#8220; n\u00e6rbuxna e\u00f0a harness. Hanna\u00f0ur til \u00feess a\u00f0 kasta af s\u00e9r vatni standandi. Vi\u00f0haldsfr\u00edr.<\/h5>\n<\/div>","protected":false},"excerpt":{"rendered":"<p>S\u00edlikon &#8222;Packer&#8220; \u00ed d\u00f6kkum h\u00fa\u00f0t\u00f3n. Raunverulegur \u00ed vi\u00f0komu og hanna\u00f0ur til \u00feess a\u00f0 kasta af s\u00e9r vatni standandi.<\/p>","protected":false},"featured_media":8142,"template":"","meta":{"inline_featured_image":false},"product_brand":[],"product_cat":[37],"product_tag":[273,274,276,275],"class_list":{"0":"post-6441","1":"product","2":"type-product","3":"status-publish","4":"has-post-thumbnail","6":"product_cat-kynvitund","7":"product_tag-ftm","8":"product_tag-kynvitund","9":"product_tag-packer","10":"product_tag-trans","12":"first","13":"instock","14":"shipping-taxable","15":"purchasable","16":"product-type-simple"},"yoast_head":"<!-- This site is optimized with the Yoast SEO Premium plugin v21.6 (Yoast SEO v27.4) - https:\/\/yoast.com\/product\/yoast-seo-premium-wordpress\/ -->\n<title>CalExotics - Packer Gear Dark &#8211; Amina<\/title>\n<meta name=\"robots\" content=\"index, follow, max-snippet:-1, max-image-preview:large, max-video-preview:-1\" \/>\n<link rel=\"canonical\" href=\"https:\/\/amina.is\/en\/verslun\/kynvitund\/calexotics-packer-gear-dark\/\" \/>\n<meta property=\"og:locale\" content=\"en_US\" \/>\n<meta property=\"og:type\" content=\"article\" \/>\n<meta property=\"og:title\" content=\"CalExotics - Packer Gear Dark\" \/>\n<meta property=\"og:description\" content=\"S\u00edlikon &quot;Packer&quot; \u00ed d\u00f6kkum h\u00fa\u00f0t\u00f3n. Raunverulegur \u00ed vi\u00f0komu og hanna\u00f0ur til \u00feess a\u00f0 kasta af s\u00e9r vatni standandi.\" \/>\n<meta property=\"og:url\" content=\"https:\/\/amina.is\/en\/verslun\/kynvitund\/calexotics-packer-gear-dark\/\" \/>\n<meta property=\"og:site_name\" content=\"Amina\" \/>\n<meta property=\"article:publisher\" content=\"https:\/\/m.facebook.com\/AMINA-100767148840241\/\" \/>\n<meta property=\"article:modified_time\" content=\"2021-06-07T01:08:34+00:00\" \/>\n<meta property=\"og:image\" content=\"https:\/\/amina.is\/wp-content\/uploads\/2021\/04\/packer-dark.jpg\" \/>\n\t<meta property=\"og:image:width\" content=\"760\" \/>\n\t<meta property=\"og:image:height\" content=\"760\" \/>\n\t<meta property=\"og:image:type\" content=\"image\/jpeg\" \/>\n<meta name=\"twitter:card\" content=\"summary_large_image\" \/>\n<script type=\"application\/ld+json\" class=\"yoast-schema-graph\">{\"@context\":\"https:\\\/\\\/schema.org\",\"@graph\":[{\"@type\":\"WebPage\",\"@id\":\"https:\\\/\\\/amina.is\\\/en\\\/verslun\\\/kynvitund\\\/calexotics-packer-gear-dark\\\/\",\"url\":\"https:\\\/\\\/amina.is\\\/en\\\/verslun\\\/kynvitund\\\/calexotics-packer-gear-dark\\\/\",\"name\":\"CalExotics - Packer Gear Dark &#8211; Amina\",\"isPartOf\":{\"@id\":\"https:\\\/\\\/amina.is\\\/#website\"},\"primaryImageOfPage\":{\"@id\":\"https:\\\/\\\/amina.is\\\/en\\\/verslun\\\/kynvitund\\\/calexotics-packer-gear-dark\\\/#primaryimage\"},\"image\":{\"@id\":\"https:\\\/\\\/amina.is\\\/en\\\/verslun\\\/kynvitund\\\/calexotics-packer-gear-dark\\\/#primaryimage\"},\"thumbnailUrl\":\"https:\\\/\\\/amina.is\\\/wp-content\\\/uploads\\\/2021\\\/04\\\/packer-dark.jpg\",\"datePublished\":\"2021-04-15T14:44:57+00:00\",\"dateModified\":\"2021-06-07T01:08:34+00:00\",\"breadcrumb\":{\"@id\":\"https:\\\/\\\/amina.is\\\/en\\\/verslun\\\/kynvitund\\\/calexotics-packer-gear-dark\\\/#breadcrumb\"},\"inLanguage\":\"en-US\",\"potentialAction\":[{\"@type\":\"ReadAction\",\"target\":[\"https:\\\/\\\/amina.is\\\/en\\\/verslun\\\/kynvitund\\\/calexotics-packer-gear-dark\\\/\"]}]},{\"@type\":\"ImageObject\",\"inLanguage\":\"en-US\",\"@id\":\"https:\\\/\\\/amina.is\\\/en\\\/verslun\\\/kynvitund\\\/calexotics-packer-gear-dark\\\/#primaryimage\",\"url\":\"https:\\\/\\\/amina.is\\\/wp-content\\\/uploads\\\/2021\\\/04\\\/packer-dark.jpg\",\"contentUrl\":\"https:\\\/\\\/amina.is\\\/wp-content\\\/uploads\\\/2021\\\/04\\\/packer-dark.jpg\",\"width\":760,\"height\":760},{\"@type\":\"BreadcrumbList\",\"@id\":\"https:\\\/\\\/amina.is\\\/en\\\/verslun\\\/kynvitund\\\/calexotics-packer-gear-dark\\\/#breadcrumb\",\"itemListElement\":[{\"@type\":\"ListItem\",\"position\":1,\"name\":\"Home\",\"item\":\"https:\\\/\\\/amina.is\\\/\"},{\"@type\":\"ListItem\",\"position\":2,\"name\":\"Verslun\",\"item\":\"https:\\\/\\\/amina.is\\\/verslun\\\/\"},{\"@type\":\"ListItem\",\"position\":3,\"name\":\"CalExotics &#8211; Packer Gear Dark\"}]},{\"@type\":\"WebSite\",\"@id\":\"https:\\\/\\\/amina.is\\\/#website\",\"url\":\"https:\\\/\\\/amina.is\\\/\",\"name\":\"Amina\",\"description\":\"Feeling is everything - Una\u00f0sv\u00f6rur fyrir alla\",\"publisher\":{\"@id\":\"https:\\\/\\\/amina.is\\\/#organization\"},\"potentialAction\":[{\"@type\":\"SearchAction\",\"target\":{\"@type\":\"EntryPoint\",\"urlTemplate\":\"https:\\\/\\\/amina.is\\\/?s={search_term_string}\"},\"query-input\":{\"@type\":\"PropertyValueSpecification\",\"valueRequired\":true,\"valueName\":\"search_term_string\"}}],\"inLanguage\":\"en-US\"},{\"@type\":\"Organization\",\"@id\":\"https:\\\/\\\/amina.is\\\/#organization\",\"name\":\"Amina\",\"url\":\"https:\\\/\\\/amina.is\\\/\",\"logo\":{\"@type\":\"ImageObject\",\"inLanguage\":\"en-US\",\"@id\":\"https:\\\/\\\/amina.is\\\/#\\\/schema\\\/logo\\\/image\\\/\",\"url\":\"https:\\\/\\\/amina.is\\\/wp-content\\\/uploads\\\/2021\\\/09\\\/logo.png\",\"contentUrl\":\"https:\\\/\\\/amina.is\\\/wp-content\\\/uploads\\\/2021\\\/09\\\/logo.png\",\"width\":1790,\"height\":464,\"caption\":\"Amina\"},\"image\":{\"@id\":\"https:\\\/\\\/amina.is\\\/#\\\/schema\\\/logo\\\/image\\\/\"},\"sameAs\":[\"https:\\\/\\\/m.facebook.com\\\/AMINA-100767148840241\\\/\",\"https:\\\/\\\/www.instagram.com\\\/aminaverslun\\\/\"]}]}<\/script>\n<!-- \/ Yoast SEO Premium plugin. -->","yoast_head_json":{"title":"CalExotics - Packer Gear Dark &#8211; Amina","robots":{"index":"index","follow":"follow","max-snippet":"max-snippet:-1","max-image-preview":"max-image-preview:large","max-video-preview":"max-video-preview:-1"},"canonical":"https:\/\/amina.is\/en\/verslun\/kynvitund\/calexotics-packer-gear-dark\/","og_locale":"en_US","og_type":"article","og_title":"CalExotics - Packer Gear Dark","og_description":"S\u00edlikon \"Packer\" \u00ed d\u00f6kkum h\u00fa\u00f0t\u00f3n. Raunverulegur \u00ed vi\u00f0komu og hanna\u00f0ur til \u00feess a\u00f0 kasta af s\u00e9r vatni standandi.","og_url":"https:\/\/amina.is\/en\/verslun\/kynvitund\/calexotics-packer-gear-dark\/","og_site_name":"Amina","article_publisher":"https:\/\/m.facebook.com\/AMINA-100767148840241\/","article_modified_time":"2021-06-07T01:08:34+00:00","og_image":[{"width":760,"height":760,"url":"https:\/\/amina.is\/wp-content\/uploads\/2021\/04\/packer-dark.jpg","type":"image\/jpeg"}],"twitter_card":"summary_large_image","schema":{"@context":"https:\/\/schema.org","@graph":[{"@type":"WebPage","@id":"https:\/\/amina.is\/en\/verslun\/kynvitund\/calexotics-packer-gear-dark\/","url":"https:\/\/amina.is\/en\/verslun\/kynvitund\/calexotics-packer-gear-dark\/","name":"CalExotics - Packer Gear Dark &#8211; Amina","isPartOf":{"@id":"https:\/\/amina.is\/#website"},"primaryImageOfPage":{"@id":"https:\/\/amina.is\/en\/verslun\/kynvitund\/calexotics-packer-gear-dark\/#primaryimage"},"image":{"@id":"https:\/\/amina.is\/en\/verslun\/kynvitund\/calexotics-packer-gear-dark\/#primaryimage"},"thumbnailUrl":"https:\/\/amina.is\/wp-content\/uploads\/2021\/04\/packer-dark.jpg","datePublished":"2021-04-15T14:44:57+00:00","dateModified":"2021-06-07T01:08:34+00:00","breadcrumb":{"@id":"https:\/\/amina.is\/en\/verslun\/kynvitund\/calexotics-packer-gear-dark\/#breadcrumb"},"inLanguage":"en-US","potentialAction":[{"@type":"ReadAction","target":["https:\/\/amina.is\/en\/verslun\/kynvitund\/calexotics-packer-gear-dark\/"]}]},{"@type":"ImageObject","inLanguage":"en-US","@id":"https:\/\/amina.is\/en\/verslun\/kynvitund\/calexotics-packer-gear-dark\/#primaryimage","url":"https:\/\/amina.is\/wp-content\/uploads\/2021\/04\/packer-dark.jpg","contentUrl":"https:\/\/amina.is\/wp-content\/uploads\/2021\/04\/packer-dark.jpg","width":760,"height":760},{"@type":"BreadcrumbList","@id":"https:\/\/amina.is\/en\/verslun\/kynvitund\/calexotics-packer-gear-dark\/#breadcrumb","itemListElement":[{"@type":"ListItem","position":1,"name":"Home","item":"https:\/\/amina.is\/"},{"@type":"ListItem","position":2,"name":"Verslun","item":"https:\/\/amina.is\/verslun\/"},{"@type":"ListItem","position":3,"name":"CalExotics &#8211; Packer Gear Dark"}]},{"@type":"WebSite","@id":"https:\/\/amina.is\/#website","url":"https:\/\/amina.is\/","name":"Amina","description":"Feeling is everything - Una\u00f0sv\u00f6rur fyrir alla","publisher":{"@id":"https:\/\/amina.is\/#organization"},"potentialAction":[{"@type":"SearchAction","target":{"@type":"EntryPoint","urlTemplate":"https:\/\/amina.is\/?s={search_term_string}"},"query-input":{"@type":"PropertyValueSpecification","valueRequired":true,"valueName":"search_term_string"}}],"inLanguage":"en-US"},{"@type":"Organization","@id":"https:\/\/amina.is\/#organization","name":"Amina","url":"https:\/\/amina.is\/","logo":{"@type":"ImageObject","inLanguage":"en-US","@id":"https:\/\/amina.is\/#\/schema\/logo\/image\/","url":"https:\/\/amina.is\/wp-content\/uploads\/2021\/09\/logo.png","contentUrl":"https:\/\/amina.is\/wp-content\/uploads\/2021\/09\/logo.png","width":1790,"height":464,"caption":"Amina"},"image":{"@id":"https:\/\/amina.is\/#\/schema\/logo\/image\/"},"sameAs":["https:\/\/m.facebook.com\/AMINA-100767148840241\/","https:\/\/www.instagram.com\/aminaverslun\/"]}]}},"_links":{"self":[{"href":"https:\/\/amina.is\/en\/wp-json\/wp\/v2\/product\/6441","targetHints":{"allow":["GET"]}}],"collection":[{"href":"https:\/\/amina.is\/en\/wp-json\/wp\/v2\/product"}],"about":[{"href":"https:\/\/amina.is\/en\/wp-json\/wp\/v2\/types\/product"}],"version-history":[{"count":3,"href":"https:\/\/amina.is\/en\/wp-json\/wp\/v2\/product\/6441\/revisions"}],"predecessor-version":[{"id":8143,"href":"https:\/\/amina.is\/en\/wp-json\/wp\/v2\/product\/6441\/revisions\/8143"}],"wp:featuredmedia":[{"embeddable":true,"href":"https:\/\/amina.is\/en\/wp-json\/wp\/v2\/media\/8142"}],"wp:attachment":[{"href":"https:\/\/amina.is\/en\/wp-json\/wp\/v2\/media?parent=6441"}],"wp:term":[{"taxonomy":"product_brand","embeddable":true,"href":"https:\/\/amina.is\/en\/wp-json\/wp\/v2\/product_brand?post=6441"},{"taxonomy":"product_cat","embeddable":true,"href":"https:\/\/amina.is\/en\/wp-json\/wp\/v2\/product_cat?post=6441"},{"taxonomy":"product_tag","embeddable":true,"href":"https:\/\/amina.is\/en\/wp-json\/wp\/v2\/product_tag?post=6441"}],"curies":[{"name":"wp","href":"https:\/\/api.w.org\/{rel}","templated":true}]}}

<div class="product-single__description rte">
<h5>Sílikon &#8222;Packer&#8220; í dökkum húðtón. Raunverulegur í viðkomu og passar við flestar gerðir &#8222;Packer&#8220; nærbuxna eða harness. Hannaður til þess að kasta af sér vatni standandi. Viðhaldsfrír.</h5>
</div>

<p>Sílikon &#8222;Packer&#8220; í dökkum húðtón. Raunverulegur í viðkomu og hannaður til þess að kasta af sér vatni standandi.</p>

<!-- This site is optimized with the Yoast SEO Premium plugin v21.6 (Yoast SEO v27.4) - https://yoast.com/product/yoast-seo-premium-wordpress/ -->
<title>CalExotics - Packer Gear Dark &#8211; Amina</title>
<meta name="robots" content="index, follow, max-snippet:-1, max-image-preview:large, max-video-preview:-1" />
<link rel="canonical" href="https://amina.is/en/verslun/kynvitund/calexotics-packer-gear-dark/" />
<meta property="og:locale" content="en_US" />
<meta property="og:type" content="article" />
<meta property="og:title" content="CalExotics - Packer Gear Dark" />
<meta property="og:description" content="Sílikon &quot;Packer&quot; í dökkum húðtón. Raunverulegur í viðkomu og hannaður til þess að kasta af sér vatni standandi." />
<meta property="og:url" content="https://amina.is/en/verslun/kynvitund/calexotics-packer-gear-dark/" />
<meta property="og:site_name" content="Amina" />
<meta property="article:publisher" content="https://m.facebook.com/AMINA-100767148840241/" />
<meta property="article:modified_time" content="2021-06-07T01:08:34+00:00" />
<meta property="og:image" content="https://amina.is/wp-content/uploads/2021/04/packer-dark.jpg" />
	<meta property="og:image:width" content="760" />
	<meta property="og:image:height" content="760" />
	<meta property="og:image:type" content="image/jpeg" />
<meta name="twitter:card" content="summary_large_image" />
<script type="application/ld+json" class="yoast-schema-graph">{"@context":"https:\/\/schema.org","@graph":[{"@type":"WebPage","@id":"https:\/\/amina.is\/en\/verslun\/kynvitund\/calexotics-packer-gear-dark\/","url":"https:\/\/amina.is\/en\/verslun\/kynvitund\/calexotics-packer-gear-dark\/","name":"CalExotics - Packer Gear Dark &#8211; Amina","isPartOf":{"@id":"https:\/\/amina.is\/#website"},"primaryImageOfPage":{"@id":"https:\/\/amina.is\/en\/verslun\/kynvitund\/calexotics-packer-gear-dark\/#primaryimage"},"image":{"@id":"https:\/\/amina.is\/en\/verslun\/kynvitund\/calexotics-packer-gear-dark\/#primaryimage"},"thumbnailUrl":"https:\/\/amina.is\/wp-content\/uploads\/2021\/04\/packer-dark.jpg","datePublished":"2021-04-15T14:44:57+00:00","dateModified":"2021-06-07T01:08:34+00:00","breadcrumb":{"@id":"https:\/\/amina.is\/en\/verslun\/kynvitund\/calexotics-packer-gear-dark\/#breadcrumb"},"inLanguage":"en-US","potentialAction":[{"@type":"ReadAction","target":["https:\/\/amina.is\/en\/verslun\/kynvitund\/calexotics-packer-gear-dark\/"]}]},{"@type":"ImageObject","inLanguage":"en-US","@id":"https:\/\/amina.is\/en\/verslun\/kynvitund\/calexotics-packer-gear-dark\/#primaryimage","url":"https:\/\/amina.is\/wp-content\/uploads\/2021\/04\/packer-dark.jpg","contentUrl":"https:\/\/amina.is\/wp-content\/uploads\/2021\/04\/packer-dark.jpg","width":760,"height":760},{"@type":"BreadcrumbList","@id":"https:\/\/amina.is\/en\/verslun\/kynvitund\/calexotics-packer-gear-dark\/#breadcrumb","itemListElement":[{"@type":"ListItem","position":1,"name":"Home","item":"https:\/\/amina.is\/"},{"@type":"ListItem","position":2,"name":"Verslun","item":"https:\/\/amina.is\/verslun\/"},{"@type":"ListItem","position":3,"name":"CalExotics &#8211; Packer Gear Dark"}]},{"@type":"WebSite","@id":"https:\/\/amina.is\/#website","url":"https:\/\/amina.is\/","name":"Amina","description":"Feeling is everything - Unaðsvörur fyrir alla","publisher":{"@id":"https:\/\/amina.is\/#organization"},"potentialAction":[{"@type":"SearchAction","target":{"@type":"EntryPoint","urlTemplate":"https:\/\/amina.is\/?s={search_term_string}"},"query-input":{"@type":"PropertyValueSpecification","valueRequired":true,"valueName":"search_term_string"}}],"inLanguage":"en-US"},{"@type":"Organization","@id":"https:\/\/amina.is\/#organization","name":"Amina","url":"https:\/\/amina.is\/","logo":{"@type":"ImageObject","inLanguage":"en-US","@id":"https:\/\/amina.is\/#\/schema\/logo\/image\/","url":"https:\/\/amina.is\/wp-content\/uploads\/2021\/09\/logo.png","contentUrl":"https:\/\/amina.is\/wp-content\/uploads\/2021\/09\/logo.png","width":1790,"height":464,"caption":"Amina"},"image":{"@id":"https:\/\/amina.is\/#\/schema\/logo\/image\/"},"sameAs":["https:\/\/m.facebook.com\/AMINA-100767148840241\/","https:\/\/www.instagram.com\/aminaverslun\/"]}]}</script>
<!-- / Yoast SEO Premium plugin. -->

Sílikon "Packer" í dökkum húðtón. Raunverulegur í viðkomu og hannaður til þess að kasta af sér vatni standandi.

Feeling is everything - Unaðsvörur fyrir alla
